*y - 8*y - 165. Suppose 0*h + 5*v - m = -3*h, 0 = -h - 4*v + 27. Calculate the remainder when h is divided by 6.
3
Let v = 232 - 93. Calculate the remainder when v is divided by 35.
34
Suppose -z + 6*z = 15. Suppose -4*o + o + 90 = 2*x, -z*x + 90 = 3*o. Calculate the remainder when o is divided by 11.
8
Let t = -17 + 22. Suppose -k + 28 = 2*k + s, t*k + 4*s = 42. Calculate the remainder when ((-19)/4)/(2/(-8)) is divided by k.
9
Suppose -5*t + 2*o = -13 - 9, 2*o + 6 = t. Calculate the remainder when t is divided by 3/5*40/8.
1
Suppose 4*t - 32 = -0*t. Calculate the remainder when 15 is divided by t.
7
Calculate the remainder when 687/12 - 2/8 is divided by 12.
9
What is the remainder when 23 is divided by (117/18)/(1/2)?
10
Let h = 21 - 18. What is the remainder when 4 is divided by h?
1
Suppose -3*i = 2*j - 67, i + i - 3*j = 62. Let a be 6/(-4)*20/(-15). Suppose 15 - a = d. Calculate the remainder when i is divided by d.
12
Suppose -b + 5 = -0*b. What is the remainder when 38 is divided by b*(13/(-5))/(-1)?
12
Let l(p) = -p**3 - 9*p**2 - 11*p + 10. Let x be l(-8). Suppose -2 = -4*k + x. Calculate the remainder when k is divided by 3.
0
Calculate the remainder when 11 is divided by (-5 - -2)*(-1 - 0).
2
Suppose -38 - 204 = -2*l. Suppose 4*x - 2*t = 118, x + 2*x + 5*t = l. What is the remainder when x is divided by 17?
15
Suppose 24 + 180 = 4*w. Suppose -q + w = 2*q. What is the remainder when 49 is divided by q?
15
Suppose 0*w + 57 = 5*w + 2*v, 4*v + 7 = w. Calculate the remainder when 17 is divided by w.
6
Let l(r) = -r**2 - 2*r + 18. Let s be l(-6). Let c(t) = 2*t**2 - 5 + t**3 - 2*t**2 - 8*t + 5*t**2. Calculate the remainder when 20 is divided by c(s).
6
Let r be 0 - (0 + 12)/(-2). Let f = 188 - 174. Calculate the remainder when 4/r - 158/(-6) is divided by f.
13
Let s(p) = -3*p**2 + 7*p + 2*p + 3 + 5*p**2. Let u be s(-6). Suppose l = 4*d + u, -3*l - l = -d - 84. What is the remainder when l is divided by 6?
3
Suppose w + 3*t - 31 = 0, w - 37 = -5*t - 10. Suppose 5*p + 4*i - w = i, -2*i = -3*p + 7. What is the remainder when (-8)/20 - 94/(-10) is divided by p?
4
Let a(t) = -2 + 1 + t + 0. Let g be 4*(-2)/(-6)*3. Calculate the remainder when a(g) is divided by 2.
1
Let a be 0*1/(-2) + 4. Suppose 5*d = a*f - 7, 3*f - 4*f = -d - 2. Suppose 0 = -4*y + 123 - 103. Calculate the remainder when y is divided by f.
2
What is the remainder when -2*(-3)/6*101 is divided by 34?
33
Let u be 6 + -2*(-3 + 5). Let k = 29 - -173. Suppose u*c - c - 81 = -2*f, k = 5*f + 3*c. Calculate the remainder when f is divided by 14.
13
Suppose -6*u = 4*a - 3*u - 124, 2*a + 5*u = 62. What is the remainder when 59 is divided by a?
28
Let g(t) = -5*t - 2. Suppose y = -1 - 1. Let c be g(y). Suppose -2*u = 3*s - 30, s + u - 3 = c. Calculate the remainder when 21 is divided by s.
5
Let l = 102 - 95. Calculate the remainder when 90 is divided by l.
6
Suppose 3*r + 36 = 3*h, 0 = -h - 3*r + 8*r - 8. What is the remainder when 83 is divided by h?
15
Suppose 35 = 2*l + 3. What is the remainder when 31 is divided by l?
15
Let z(m) be the second derivative of -m**5/10 - m**4/3 - m**3/3 - m**2 - m. Suppose 4*x - 10 - 38 = 0. What is the remainder when z(-3) is divided by x?
10
Suppose -3*f + 193 = 4*u, -4*f - 25 = f. Suppose -8*l + u = -4*l. Calculate the remainder when 36 is divided by l.
10
Suppose -3 = 4*k - 55. Let u(w) = -w**3 - 4*w**2 + 4*w. What is the remainder when k is divided by u(-5)?
3
Let s = 196 - 123. Calculate the remainder when s is divided by 25.
23
Let c(d) = -d**2 + 8*d. Let g = 1 - 1. Suppose 6*h = 3*l + 3*h - 147, -5*l + h + 237 = g. What is the remainder when l is divided by c(4)?
15
Suppose 0 = 3*t - b - 157, 0 = 5*t + 5*b - 139 - 96. Calculate the remainder when t is divided by 14.
9
Calculate the remainder when -1*-6*(-7)/(-2) is divided by (0 - -2) + -3 + 12.
10
Let q(j) = 2*j + 4. Let w be q(-6). Let f = w + 22. What is the remainder when f is divided by (-2)/(-9) + (-70)/(-9)?
6
Let v be (14/6)/((-1)/(-3)). Suppose -v*y + 60 = -4*y. What is the remainder when 39 is divided by y?
19
Suppose 77 = 4*s + p, -4*p + 37 - 14 = s. Suppose b = 2*b - 59. Suppose -2*v + b = -3*l, v + l - 24 = 18. What is the remainder when v is divided by s?
18
Let a(f) be the third derivative of 5*f**4/6 - f**3/3 + 10*f**2. Calculate the remainder when a(2) is divided by 10.
8
Let i(j) = 17*j**2 + j + 4. Let k be i(3). Suppose 5*n - k = n. Suppose -n = 5*m - 10*m. Calculate the remainder when 22 is divided by m.
6
Suppose 4*a + 20 = -5*h, -8 = 4*h + 2*a + 2. Suppose -6*q + q + 25 = h. Suppose 3*o - q*o = -24. What is the remainder when 22 is divided by o?
10
What is the remainder when 5*20 + 32/(-5 - -13) is divided by 29?
17
Suppose 3*l + 3*a - a = 6, -2*l - 5*a - 7 = 0. Suppose 4*q = j + l*j + 102, -q = -2*j - 24. Let g = 25 - 15. What is the remainder when q is divided by g?
8
Let q(h) = h**2 + 4*h. Calculate the remainder when q(5) is divided by 12.
9
Let d be 4/26 + (-300)/(-78). Suppose 94 = 3*k + d. What is the remainder when 87 is divided by k?
27
Let q(t) = -3*t**3 + 2*t**3 + 0*t**2 - 4*t**2 - 5 + 3*t. Let j = -8 - -11. Calculate the remainder when q(-5) is divided by j.
2
Let t(u) = 24*u**2 + 1. Let v be t(-1). Suppose 4*o = -o + v. Calculate the remainder when 14 is divided by o.
4
Let s = -2 - -26. What is the remainder when 41 is divided by s?
17
Let r be -1 + (6 + -2)*1. Let o be (-2)/(-7) - 32/14. Calculate the remainder when 56 is divided by 4/o + 18 + r.
18
Let z = -41 - -51. Calculate the remainder when z is divided by 6.
4
Let i(r) = 16*r. What is the remainder when i(2) is divided by 11/1*(-1)/(-1)?
10
Let r(y) = -y + 6. What is the remainder when 29 is divided by r(0)?
5
Let l(u) = -u**2 - 11*u - 18. Calculate the remainder when 9 is divided by l(-8).
3
Let h = 9 - 9. Suppose h = -3*b - 9 + 36. Calculate the remainder when 2/3*(23 + 1) is divided by b.
7
Let i = -4 - -7. Calculate the remainder when 3 is divided by i + (3 - 1) + -2.
0
Suppose 5*c - 22 = 168. Suppose -11 + 1 = 5*d. Calculate the remainder when c is divided by 11 + d/(-2)*-1.
8
Let f be (-1)/(-2)*2 - -40. Let x be 1 + 0 + 22/11. Suppose 0 = x*l + n - 91, 2*n - 7*n - f = -l. Calculate the remainder when l is divided by 8.
7
Let c be 0*(-2)/(-1 - -3). Let z = 3 + c. Suppose 0*k = -3*k - z*q + 57, 61 = 3*k + 4*q. What is the remainder when 28 is divided by k?
13
Let v(c) be the first derivative of c**2 - 7*c - 4. Let d(o) = -o**3 - 2*o**2 + 2*o + 1. Calculate the remainder when d(-4) is divided by v(10).
12
Let j(d) = -19*d + 5. Let l(k) = k - 1. Let i(p) = -j(p) - 3*l(p). What is the remainder when i(2) is divided by 11?
8
What is the remainder when (-138)/4*2/(-3) is divided by 12?
11
Suppose 0 = g - 3 - 29. What is the remainder when g is divided by 17?
15
Let p be (-6)/4 + 47/2. What is the remainder when 344/44 - (-4)/p is divided by 3?
2
Suppose 9*t = 5*t + r + 72, 14 = 2*t + 5*r. Calculate the remainder when 133 is divided by t.
14
Suppose -5*w = -10 - 0. Suppose -5*q + f = -101, 92 = q + 3*q + w*f. Calculate the remainder when q is divided by 12.
9
Suppose 419 + 293 = 4*f. What is the remainder when f is divided by 36?
34
Suppose -3*k = 2*y - 13, -2*y - 4*k + 18 = 6. Calculate the remainder when 38 is divided by y.
6
Let f = -18 - -13. What is the remainder when 78/4 + f/10 is divided by 7?
5
Let l be 10*(1 - (-3)/(-2)). Let d = 0 - l. Suppose 0 = -0*n + 2*n + 10, 0 = -2*z + d*n + 33. What is the remainder when 11 is divided by z?
3
Suppose -3*x + 433 = x - w, 0 = 5*x + 5*w - 535. Suppose -78 - x = -3*g. Calculate the remainder when g is divided by 21.
20
Calculate the remainder when 27 is divided by (-10)/30 + 62/6.
7
Let u = 3 + 4. Suppose -4*l + 25 = 101. Let i = l - -23. What is the remainder when u is divided by i?
3
Suppose -43 = -4*u + 29. Let y = -946 - -1878. Calculate the remainder when y/u + 4/18 is divided by 18.
16
Suppose 0 = y - 2*i - 25, 4*y = 2*y - 3*i + 29. Calculate the remainder when 37 is divided by y.
18
Let t(c) = 5*c**2 - 2*c - 2. Calculate the remainder when 126/2*(-2)/(-2) is divided by t(-2).
19
Suppose n - 19 = 4. Calculate the remainder when n is divided by -1 - (-2)/(-4)*-14.
5
Let n = 213 + -48. Let w = n + -112. Calculate the remainder when w is divided 